et t(x) be the first derivative of x**2/2 - 6*x + 4. Let m(i) = i - 7. Let q(s) = 3*m(s) - 4*t(s). Let j(w) = -w + 3. Let l be j(3). Calculate q(l).
3
Suppose -15*f + 19*f = 8. Let j(n) = n**3 - 4*n**2 + 2*n + 1. What is j(f)?
-3
Let j(z) be the second derivative of z**3/6 + 4*z. Calculate j(-4).
-4
Let f(h) = -h**3 - 7*h**2 - 2*h - 9. Let x be f(-7). Let m = -4 + x. Let d(z) be the third derivative of -z**4/3 - 4*z**2. What is d(m)?
-8
Let h(k) be the third derivative of -k**5/60 - 7*k**4/24 + k**3/3 - 9*k**2. Calculate h(-6).
8
Let c(f) be the third derivative of f**4/12 + f**3/3 + 19*f**2. Calculate c(6).
14
Let f(a) = a - 2. Let p be (10 - 6)/(1*-2). Let u be p/1 + 6 - 1. What is f(u)?
1
Let k be 1/4*-2*-4. Let z(o) be the second derivative of -o**7/420 + o**6/90 - o**5/40 - o**3/6 - o. Let u(r) be the second derivative of z(r). Determine u(k).
-6
Let p(a) = -a**3 - 13*a**2 - 8. Let q be p(-13). Let t(g) = g**2 + 10*g + 12. Determine t(q).
-4
Let y(o) be the second derivative of o**7/840 + 7*o**6/360 - 7*o**5/120 + 5*o**4/24 + 3*o**3/2 + 3*o. Let a(x) be the second derivative of y(x). Give a(-8).
-3
Let w(q) = q. Suppose -2 = 2*f + 3*g, 2*f - 8 = 6*f + 5*g. Let n be w(f). Let a(p) = p + 6. What is a(n)?
-1
Let f(c) be the second derivative of -c**2 - 1/20*c**5 + 0*c**3 - 7/12*c**4 + 0 - 3*c. Give f(-7).
-2
Suppose -3*t = -5*c + 30, 4*c - 2*t = 11 + 15. Let k(j) = 0*j + j + c - 4*j. What is k(6)?
-9
Let w = -1 - -3. Let k(v) = -5*v**2 - 21*v + 20. Let r(o) = 1 - 4 - 1 + 4*o + o**2. Let h(l) = w*k(l) + 11*r(l). Calculate h(-4).
4
Let r(d) = -d**3 + d - 1. Let b be r(1). Let s(m) = -2*m**2 + m. Let i be s(b). Let c(a) = -a**3 - 3*a**2 - 3*a - 4. Calculate c(i).
5
Suppose 4*g = -0*f + 4*f + 24, -5*g - f + 24 = 0. Suppose -4*u - 2 = 3*r, 6 = -4*r - g*u + 2. Let j(z) = 2*z + 6. What is j(r)?
-6
Let o(d) = d - 3. Suppose -3*z - 8 = -4*z. Determine o(z).
5
Let p(i) = -6*i**3 - i**2 + i. Let r be p(1). Let h(y) = -y**2 - 5*y - 2. What is h(r)?
-8
Suppose 0 = 52*b - 44*b + 56. Let z(w) = 0*w + w - 5 + 12. Calculate z(b).
0
Let d = -5 + 4. Let a = d + 4. Let z(i) = 3*i + 6. Let r(m) = m + 2. Let t(o) = a*z(o) - 8*r(o). Determine t(0).
2
Let s(m) be the third derivative of -m**4/24 + m**3/6 - 19*m**2. Suppose -4 = -3*p - 13. Determine s(p).
4
Suppose -6*r = -2*r + 8, -t - 3*r = 3. Suppose p + 1 = t. Let c(l) = -3*l - 4*l**3 - p*l**2 + 3*l**3 + 0*l. What is c(-2)?
6
Let r(p) = -4*p. Let v = -15 - -18. Determine r(v).
-12
Let u(z) = -z**2 + z. Let m(j) = 3*j**2 + 4*j + 4. Let l(y) = m(y) + 2*u(y). Give l(-4).
-4
Let k(r) be the first derivative of r**3/3 + 4*r**2 - 13*r + 4. Let x be k(-9). Let q(y) = -y**3 - 4*y**2 + y + 4. What is q(x)?
0
Let h(q) = -q. Let i(j) = 3*j + 5. Let c = 2 + 0. Let k(n) = c*h(n) + i(n). Let l(m) = m**2 - 3*m + 2. Let b be l(2). Calculate k(b).
5
Let i(l) = 0*l - 3*l + 2*l. Let u = -5 - -4. Let m be -3 - -4 - (u + 2). Give i(m).
0
Let a(d) = d**3 - 6*d**2 - 7*d + 3. Let u(n) = -3*n - 5. Let p(k) = 3*k - 1. Let x be p(-1). Let f be u(x). Determine a(f).
3
Let c(h) = 2*h - 1. Let n be c(-2). Let l(i) = i**3 + 4*i**2 - 4*i + 1. Give l(n).
-4
Let n(m) = m**3 - 6*m**2 - 3*m + 4. Suppose 2*c = -2*r + 22 - 4, c = -3*r + 15. Calculate n(c).
-14
Let k(p) = 7 - 8*p**3 - 1 + 9*p**3 + p. Determine k(0).
6
Let u be (0 - 0/1) + 4. Let y(t) = t**3 - 4*t**2 + 3*t - 1. Calculate y(u).
11
Suppose w = -4*w + 50. Let d be (6*2/2)/2. Let r be w - d - (-2)/(-1). Let x(c) = c**3 - 4*c**2 - 7*c + 1. What is x(r)?
-9
Let b(q) = -q. Let l = -16 + 14. Let x be ((-6)/(-7))/(l/(-7)). Calculate b(x).
-3
Let k(g) be the second derivative of -g**5/30 - g**4/24 - g**3/2 - g. Let m(r) be the second derivative of k(r). What is m(1)?
-5
Suppose c - 2 = 5*z - 22, 2*c + z = 15. Let w(p) = 3*p - p**2 - 6 + 15 + 4*p**2. Let j(v) = -2*v**2 - v - 5. Let k(h) = 5*j(h) + 3*w(h). What is k(c)?
-3
Suppose 0*v + v = 0. Let h(k) = -3 + 1 + 3*k + v - k. Calculate h(-2).
-6
Let o(n) = -n - 6. Let h(j) = j + 5. Let d(i) = -7*h(i) - 6*o(i). Suppose -3*g - 16 = g. Let b = 0 + g. Give d(b).
5
Let a be 114/22 + (-2)/11. Suppose x + 4*x - a = 0. Let l(c) = 6*c**3 + c**2 + 4*c. Let r(q) = -q**2 - q. Let m(o) = l(o) + 3*r(o). What is m(x)?
5
Let v(h) = h**3 - 4*h**2 + 2*h + 1. Let w = -4 + 4. Suppose w = 4*g + g - 25. Suppose g = 5*t - 10. Calculate v(t).
-2
Let i(f) = 3*f**2. Let w be i(-1). Let s(m) = -17*m**2 + m - 17*m**2 + 35*m**2 + m**w + 2. Give s(-2).
-4
Let v(y) = 4*y - 1. Let d(n) be the third derivative of 3*n**4/8 - n**3/3 - 2*n**2. Let z(i) = 3*d(i) - 7*v(i). Give z(5).
-4
Let j(b) be the second derivative of b**3/6 - 7*b**2/2 + 20*b. Calculate j(0).
-7
Let k(l) = -5*l + 2. Let n(t) = 5*t + 3. Let c be n(0). Calculate k(c).
-13
Suppose 0*k - q = -k - 5, 3*q = 2*k + 15. Let t(c) = c + 2. Let a be t(k). Let y(b) = 3*b**a - 2*b**2 - 1 + 0 + 0*b**2. Calculate y(1).
0
Suppose -15*i = -12*i - 12. Let w(l) = -l**2 + 9*l + 1. Give w(i).
21
Let n be (0 + 35)/(2 + -1). Suppose -n = -3*x - 2*x - 5*p, -p = -2*x + 11. Let s = x - 1. Let k(a) = -a**3 + 6*a**2 - 6*a - 1. What is k(s)?
-6
Let x(o) = o**3 - 11*o**2 + 11*o - 8. Let u be x(10). Let j(v) be the second derivative of 0 + 1/6*v**3 + v**u + v. What is j(-2)?
0
Let s(q) = 1 - 2 + 2*q - 3*q. Let t be s(6). Let x = -3 - t. Let h(v) = -v**3 + 4*v**2 + v + 2. Give h(x).
6
Let z(d) = 5*d. Let f be z(1). Suppose -6 = -5*h + 2*h, -f*y + 4*h = -22. Let q(m) = -m**2 + 5*m - 1. Calculate q(y).
-7
Let r(x) = x**2 + 4*x + 1. Let a(b) = -10 + 2*b + 2*b - b - 2*b. Suppose 0 = 2*c - 5*m - 10, -12 = -4*c + m + 8. Let y be a(c). What is r(y)?
6
Let c(w) = 7*w - 5. Suppose 12*f - 26 - 34 = 0. Calculate c(f).
30
Let l(p) = -6*p + 1. Suppose 3*f - 3 = a, a - 2*f + 7*f = 5. Suppose -5*g - 7 = c, 2*c = g - c - 5. Let n = g + a. Give l(n).
7
Let i(h) = h**2 - 3 + 0 - 2. Let o be 1 - (3 + 0)*-1. Give i(o).
11
Suppose -2*i - 3*i = -30. Let t(k) = i - 27*k - k**2 + 26*k - 2. Give t(-4).
-8
Let q be 6/2 - 3/3. Suppose y = -q*y. Let v(a) = -a**3 - 4. What is v(y)?
-4
Let l be (-2)/(-7) - (-9)/(-7) - 4. Let n(p) = 3*p + 7. What is n(l)?
-8
Let l(g) = g + 2. Let s be l(-5). Let v(n) be the second derivative of -n**4/12 - 3*n**2/2 + 2*n. Give v(s).
-12
Let v(l) = l**2 - 4. Let x(h) = -5*h**2 + h + 21. Let s(k) = 22*v(k) + 4*x(k). Suppose o + o = -8. Give s(o).
12
Let k = -100 + 90. Let t(w) = -w**2 - 10*w + 3. What is t(k)?
3
Let k(d) = -2*d**3 + d**2. Let t be (20/12)/5*3. Suppose 4 = -5*z - t. What is k(z)?
3
Let p(r) = 0 + r**2 + 2 + r - 6*r. Let a = -3 - -5. Calculate p(a).
-4
Let a be 2*-1 - (-8)/(-4). Suppose i + 0*i = 2. Let u(j) = -2 + 2*j + i + 2 - j. Determine u(a).
-2
Let k(l) = -9*l**3 - l**2 + 1. Let f(a) = -a**2 - 12*a - 19. Let i be f(-10). Determine k(i).
-9
Let g(u) = u + 16. Let m be g(-11). Let x(n) = n**3 - 6*n**2 + 4*n - 1. Give x(m).
-6
Let b(c) = 5 - 7*c - 1 + 8*c + 3*c**2 + c**2 + c**3. Give b(-4).
0
Let s = 5 - 3. Let a(v) = 7 + v**s + 10*v - 2*v - v. Determine a(-5).
-3
Let u(o) be the third derivative of -o**7/2520 + o**6/720 - o**5/120 - o**4/8 + 3*o**2. Let q(m) be the second derivative of u(m). Give q(2).
-3
Let p(y) = 2*y**2 + 3*y - 2. Let c(q) = -q**3 - 2*q**2 + 7*q + 5. Let a be c(-4). Suppose -3 = -2*x - a. Give p(x).
7
Let p(w) = 2*w - 10. Let u(n) = -n + 5. Let g(m) = -6*p(m) - 13*u(m). Determine g(3).
-2
Let r(i) = -2*i + 2. Let u(c) be the third derivative of -c**6/120 - 7*c**5/60 - c**4/3 - 3*c**3/2 - 4*c**2. Let g be u(-6). What is r(g)?
-4
Let u(j) = -9*j + 2. Suppose -23 + 35 = 6*s. Calculate u(s).
-16
Let y(t) = 6 + 37*t - 35*t - 4 + 3. Suppose 12 = o + 2. Let c = o + -15. What is y(c)?
-5
Suppose 0 = -u - 2*l + 5*l - 8, -5*l - 5 = 2*u. Let b(v) = v**3 + 6*v**2 + 7*v + 4. What is b(u)?
-6
Let b = 18 - 13. Let j(w) = -b*w - w + 4*w. What is j(-1)?
2
Let a(h) = -h**3 + 5*h**2 + 3*h - 1. Let o(x) = x**2 + x. Let d(u) = a(u) - 4*o(u). Give d(-1).
2
Let l(u) = -u**2 - 6*u - 2. Let r(z) = -z**3 + 12*z**2 - z + 8. Let s be r(12). Give l(s).
6
Let g(i) = i**3 - 4*i**2 + i + 1. Let r(w) = -2*w + 19. Let s be r(8). What is g(s)?
-5
Let a(l) = -l. Let s(j) = -6*j + 4. Let h(d) = 40*a(d) - 5*s(d). Let g(t) = -2*t - 4. Let z(n) = -14*g(n) + 3*h(n). Suppose 6 = -0*p - 2*p. What is z(p)?
2
Let h(w) = w**3 + 6*w**2 - 6*w + 10.